remainder when 484 is divided by h(-48).
92
Let w be (3277/(-58))/(1/(-34)). Calculate the remainder when w/34 + (-6)/(-4) is divided by 10.
8
Let f be (-1611)/21 + (-10)/35. Calculate the remainder when 716/7 - (-22)/f is divided by 19/(190/90) + 4/1.
11
Suppose 2*j + 0*j - 25 = -u, 0 = 5*j - 15. Suppose -5*x + 116 + u = 0. What is the remainder when 520/5 - (-3 + 2 + -2) is divided by x?
26
Suppose 11793 + 14757 = 78*r + 99*r. What is the remainder when 752 is divided by r?
2
Let p(s) = 11*s**2 - 115*s - 16. Let k be p(14). Let d = -507 + k. Suppose 2*z = 4*z - 20. Calculate the remainder when d is divided by z.
3
Suppose 0 = 4*x + 4*d + 548 - 2028, 0 = -x + 5*d + 382. Suppose 0 = 2*z - 2*y - x, -2*z + 4*z - 374 = 3*y. Calculate the remainder when z is divided by 27.
22
Let n = 18 + -19. Suppose 11*q - 192 = -q. What is the remainder when (-1)/(-3)*n*-228 is divided by q?
12
Let f = 5034 + -4950. What is the remainder when 1425 is divided by f?
81
Let r(q) = q**2 + 6*q + 28. Calculate the remainder when r(14) is divided by 99.
11
Suppose 2*q = 7*q - f + 816, 0 = -3*q + 2*f - 491. Let i = 170 + q. Suppose s - 74 = -s - 4*b, -166 = -4*s + b. Calculate the remainder when s is divided by i.
6
Suppose -567*v + 1168 = -494*v. Suppose 3*y - 79 = 2*y. Calculate the remainder when y is divided by v.
15
What is the remainder when 22/(990/(-1605))*-102 is divided by 363?
8
Suppose -5*a + 834 = 4*s, -5*s = -s + 3*a - 830. Let h = s - 192. Suppose q = -5*i + 80, 97 = 3*q + 4*i - 176. Calculate the remainder when q is divided by h.
11
Let d be -30*(-10)/60 + (10 - 0). Suppose -3*k = g - 21, 3*g + d*k - 17*k = 63. What is the remainder when 36 is divided by g?
15
Let p(t) = -t**2 + 8*t + 24. Let j be p(10). Suppose 23 = -j*r + 55. Let h(i) = 2*i - 12. Calculate the remainder when h(12) is divided by r.
4
Let x = -22 - 20. Let y = -48 - x. Let l(q) = -2*q**3 - 11*q**2 + 6*q + 12. What is the remainder when l(y) is divided by 5?
2
What is the remainder when 231 is divided by ((-150)/(-100))/(3/6)?
0
Let l = -31028 + 31059. Calculate the remainder when 2042 is divided by l.
27
Suppose l - 2*r = -2 + 4, 4*r + 12 = 4*l. Suppose -5*n = 20, -n = l*q - 5*n - 160. Calculate the remainder when 248 is divided by q.
32
Suppose -4*a - a - 770 = 0. Let s = a + 231. What is the remainder when s is divided by 1/10 + (-13468)/(-520)?
25
Suppose 4*o = 16, -f + 26 - 4 = -o. What is the remainder when f is divided by 36/(-20)*(38 - 3332/84)?
2
Suppose -123 - 75 = 9*t. Let s = 40 + t. Suppose -24 + 4 = 4*v, -107 = -2*l + v. What is the remainder when l is divided by s?
15
Let x(f) = 328*f + 82871. Let q = 19 - -8. What is the remainder when x(-252) is divided by q?
26
Let r = -210 + 198. Let d(t) = 4*t**2 + 4*t - 1. Let a be d(-3). Let n = r + a. Calculate the remainder when n is divided by 3.
2
Let m = 2929 + -2805. What is the remainder when 409 is divided by m?
37
Suppose -9*p = -58 - 185. Suppose -r + 5*r - 4 = -2*v, 0 = r + v. What is the remainder when p is divided by r?
1
Let s(o) = 383*o + 266. What is the remainder when s(9) is divided by 30?
23
Let l(x) = -199*x**3 - x**2 + 2*x + 4. Let w be l(-1). Suppose 2*s - z = -0*z + w, -4*s + 396 = -4*z. What is the remainder when s is divided by 55?
46
Suppose 3*r - 287 - 434 = -4*x, 0 = -2*x + 3*r + 347. Let v = -158 + x. What is the remainder when 78 is divided by v?
18
Let s(v) = -v**3 - 47*v**2 + 16*v - 1. Let h be s(-47). Let k = -398 - h. Calculate the remainder when k is divided by 17.
15
Let k = 4710 - 4691. What is the remainder when 600 is divided by k?
11
Let m(s) be the second derivative of -s**4/6 + 2*s**3 + 9*s**2/2 - s. What is the remainder when m(6) is divided by 6?
3
Suppose 5*v - 3*i - 5 = 0, -2*i + 13 = 3. What is the remainder when 334*((-3 - 2) + 22/v) is divided by 34?
31
Let f = 147 + -3. Let s(p) = -4*p**3 + 39*p**2 - 27*p + 21. Calculate the remainder when f is divided by s(9).
18
Suppose -5*p - v + 625 + 1497 = 0, 422 = p - v. What is the remainder when p is divided by 205?
14
Let u be ((-6 - -9) + -4)*-22. Suppose u = 14*w - 174. What is the remainder when 66 is divided by w?
10
Let a(z) = -47*z - 6. Suppose -4*p - 5*g = -8, 0 = -2*p - 3*p - 5*g + 5. What is the remainder when a(p) is divided by 23?
20
Let w(j) = -j**3 + 15*j**2 + 25*j - 25. Calculate the remainder when 2569 is divided by w(13).
17
Let r = 5 - -8. Suppose -404*p + 2611 + 20513 = -2328. What is the remainder when p is divided by r?
11
What is the remainder when 259 is divided by 68/714 - 214*(-30)/63?
55
Let q(d) = 5*d - 15. Let c be q(5). Calculate the remainder when 220 is divided by (-25)/c*444/(-30).
35
Let i = -193 - -196. Suppose -21*p - 2586 = -26*p + 3*a, 2085 = 4*p + i*a. What is the remainder when p is divided by 58?
55
Let c = 201 + -197. Suppose 0 = -2*r - d + 56, d + 114 = c*r + 2*d. Calculate the remainder when 165 is divided by r.
20
Let x(o) = o**3 - 19*o**2 + 86*o + 65. Calculate the remainder when (-4)/6 - -1 - 18000/(-108) is divided by x(8).
20
Suppose 51 - 44 = -r, -2755 = -5*d - 5*r. What is the remainder when d is divided by 257?
44
Let w(q) = -34*q + 35. Let v be -10 - 13/(65/(-40)). What is the remainder when 400 is divided by w(v)?
91
Let d = -368 - -373. Suppose -3*u - d*q = -543, -5*u + 6*q + 945 = q. What is the remainder when u is divided by 38?
34
Suppose 0 = 991*p - 232*p - 84249. Suppose -145 = -k - 4*k. What is the remainder when p is divided by k?
24
Let i(l) = 5*l**2 + 6*l + 47. Let n be i(-5). What is the remainder when n + 1 + -1 - 0/(-11) is divided by 29?
26
Let b(w) be the first derivative of 21*w**4/2 + 3*w**2/2 + 2*w + 13. Let j be b(-1). Let u = -27 - j. What is the remainder when 31 is divided by u?
15
Let p(y) = -y**3 + 10*y**2 - 9*y + 11. Let a be p(9). Let x be (-5 - -6)/((-1)/(-329)). Suppose a*q = 298 + x. Calculate the remainder when q is divided by 15.
12
Let n(f) = -6*f**2 + 82*f - 31. Calculate the remainder when 2408 is divided by n(8).
239
Let g(m) = -23*m - 5. Let n be g(-7). Let f(b) = -b**2 - 14*b + 26. Let a be f(-5). Let r = n - a. Calculate the remainder when r is divided by 30.
25
Let m = -624 - -635. Suppose 0 = 2*i + 4*f - 80, m*f = -3*i + 6*f + 123. What is the remainder when 47 is divided by i?
1
Let l(k) = 4*k**2 + 132*k + 2893. Calculate the remainder when l(-23) is divided by 3.
2
Let b be -1*((-14959)/5 - 12/60). Suppose -29*r + b = -7*r. What is the remainder when r is divided by 20?
16
Suppose 8*x - b + 291 = 10*x, x = 2*b + 158. Let s = x - 124. What is the remainder when 71 is divided by s?
23
Suppose -3*o + u = -242, 0 = 43*o - 40*o + 2*u - 227. Calculate the remainder when 825 is divided by o.
35
Let k = 3337 + -3192. Calculate the remainder when 285 is divided by k.
140
Let z(j) = 34*j**2 + 3. Suppose 3*r - 12 = -6*o, 3*r - 66 + 24 = 4*o. Calculate the remainder when z(3) is divided by r.
9
Let q = -21 + 34. Let i be (-2)/(-12) - (-3092)/24. Suppose -125*u + i*u - 16 = 0. What is the remainder when q is divided by u?
1
Let m(w) = 91*w**2 - 13*w + 8. Calculate the remainder when m(2) is divided by 119.
108
Let g(n) = 2*n**3 - 17*n**2 + 8*n - 8. Let c be g(8). Let b = -94 - -111. What is the remainder when b is divided by 27/18*c/(-2)?
5
Let t(p) = 111*p + 5 - 121*p - 2*p**2 - 1. Calculate the remainder when 39 is divided by t(-4).
3
Suppose -61*j + 898 = -6*j + 128. Calculate the remainder when 286 is divided by j.
6
Calculate the remainder when (-327)/12*(-672)/((-21)/(-3)) is divided by 138.
132
Let x be (-1 - -6)/(2/(-2)). Let j(m) = 0 - 459911*m - 12 + 459910*m + m**2. What is the remainder when 66 is divided by j(x)?
12
Let d(u) = -u**3 - 5*u**2 + 8. Let c be d(-5). What is the remainder when 2/4*c + -5 + 83 is divided by 24?
10
Suppose 0 = b - 2, -q + 4*q - 192 = -3*b. Calculate the remainder when 12646 is divided by q.
60
Suppose 803*w + 1975600 = 883*w. Calculate the remainder when w is divided by 106.
103
Let m = 9192 + -9137. Calculate the remainder when 107 is divided by m.
52
Let t(y) = y**2 - 3*y - 14. Let a be (-7)/(-28) - 158/(-8). Suppose 0 = 19*w - 14*w + a. What is the remainder when 26 is divided by t(w)?
12
Let y = 4044 + -3910. What is the remainder when y is divided by 56?
22
Let l(d) = d**2 + 2*d - 4. Let z be l(-4). Suppose m - 